ors of 63.
3, 7
What are the prime factors of 7414?
2, 11, 337
What are the prime factors of 3435?
3, 5, 229
What are the prime factors of 57028?
2, 53, 269
What are the prime factors of 623?
7, 89
List the prime factors of 79.
79
What are the prime factors of 14779?
14779
What are the prime factors of 84?
2, 3, 7
List the prime factors of 8811.
3, 11, 89
List the prime factors of 482.
2, 241
List the prime factors of 30821.
7, 17, 37
List the prime factors of 5087.
5087
What are the prime factors of 3913?
7, 13, 43
List the prime factors of 584.
2, 73
What are the prime factors of 3923?
3923
What are the prime factors of 4426?
2, 2213
List the prime factors of 22724.
2, 13, 19, 23
What are the prime factors of 2087?
2087
List the prime factors of 265.
5, 53
List the prime factors of 961.
31
List the prime factors of 87061.
13, 37, 181
What are the prime factors of 14376?
2, 3, 599
What are the prime factors of 55373?
55373
List the prime factors of 6567.
3, 11, 199
List the prime factors of 1626.
2, 3, 271
List the prime factors of 4133.
4133
What are the prime factors of 21066?
2, 3, 3511
What are the prime factors of 176227?
176227
What are the prime factors of 1969?
11, 179
What are the prime factors of 251?
251
What are the prime factors of 23518?
2, 11, 1069
List the prime factors of 572.
2, 11, 13
What are the prime factors of 2088?
2, 3, 29
List the prime factors of 6455.
5, 1291
List the prime factors of 1094.
2, 547
List the prime factors of 1007.
19, 53
List the prime factors of 903.
3, 7, 43
List the prime factors of 534.
2, 3, 89
What are the prime factors of 9550?
2, 5, 191
What are the prime factors of 7243?
7243
List the prime factors of 2803.
2803
What are the prime factors of 224?
2, 7
List the prime factors of 28744.
2, 3593
List the prime factors of 32420.
2, 5, 1621
What are the prime factors of 3910?
2, 5, 17, 23
List the prime factors of 60440.
2, 5, 1511
What are the prime factors of 104254?
2, 52127
List the prime factors of 522.
2, 3, 29
What are the prime factors of 79?
79
List the prime factors of 27747.
3, 3083
What are the prime factors of 22683?
3, 7561
What are the prime factors of 113238?
2, 3, 233
What are the prime factors of 3398?
2, 1699
List the prime factors of 1255.
5, 251
List the prime factors of 12779.
13, 983
What are the prime factors of 2039?
2039
List the prime factors of 9068.
2, 2267
List the prime factors of 5922.
2, 3, 7, 47
What are the prime factors of 5937?
3, 1979
List the prime factors of 2305.
5, 461
List the prime factors of 49275.
3, 5, 73
What are the prime factors of 25158?
2, 3, 7, 599
What are the prime factors of 5819?
11, 23
What are the prime factors of 2034?
2, 3, 113
What are the prime factors of 88586?
2, 44293
What are the prime factors of 32081?
7, 4583
List the prime factors of 12434.
2, 6217
List the prime factors of 3103.
29, 107
What are the prime factors of 23213?
139, 167
List the prime factors of 562.
2, 281
List the prime factors of 1702.
2, 23, 37
List the prime factors of 225.
3, 5
What are the prime factors of 33183?
3, 1229
What are the prime factors of 1435?
5, 7, 41
What are the prime factors of 2363?
17, 139
List the prime factors of 79339.
13, 17, 359
What are the prime factors of 6868?
2, 17, 101
List the prime factors of 397.
397
List the prime factors of 2810.
2, 5, 281
What are the prime factors of 5521?
5521
What are the prime factors of 14246?
2, 17, 419
What are the prime factors of 7653?
3, 2551
List the prime factors of 5985.
3, 5, 7, 19
List the prime factors of 742.
2, 7, 53
List the prime factors of 19299.
3, 7, 919
List the prime factors of 1304.
2, 163
List the prime factors of 10187.
61, 167
List the prime factors of 440.
2, 5, 11
List the prime factors of 4819.
61, 79
What are the prime factors of 2742?
2, 3, 457
What are the prime factors of 1643?
31, 53
What are the prime factors of 13754?
2, 13, 23
What are the prime factors of 9473?
9473
List the prime factors of 5120.
2, 5
List the prime factors of 9142.
2, 7, 653
List the prime factors of 3558.
2, 3, 593
What are the prime factors of 9191?
7, 13, 101
List the prime factors of 353.
353
List the prime factors of 4635.
3, 5, 103
List the prime factors of 32252.
2, 11, 733
List the prime factors of 737.
11, 67
List the prime factors of 144398.
2, 17, 31, 137
List the prime factors of 647.
647
What are the prime factors of 108620?
2, 5, 5431
List the prime factors of 64435.
5, 7, 263
List the prime factors of 4001.
4001
List the prime factors of 1026.
2, 3, 19
List the prime factors of 757.
757
List the prime factors of 4145.
5, 829
List the prime factors of 2771.
17, 163
List the prime factors of 4759.
4759
List the prime factors of 22540.
2, 5, 7, 23
What are the prime factors of 9460?
2, 5, 11, 43
What are the prime factors of 1379?
7, 197
List the prime factors of 489.
3, 163
List the prime factors of 16931.
16931
What are the prime factors of 12255?
3, 5, 19, 43
List the prime factors of 36525.
3, 5, 487
What are the prime factors of 50904?
2, 3, 7, 101
List the prime factors of 39230.
2, 5, 3923
List the prime factors of 1306.
2, 653
List the prime factors of 608.
2, 19
List the prime factors of 120235.
5, 139, 173
List the prime factors of 1220.
2, 5, 61
List the prime factors of 56613.
3, 113, 167
What are the prime factors of 149694?
2, 3, 61, 409
What are the prime factors of 578?
2, 17
What are the prime factors of 18454?
2, 9227
List the prime factors of 6253.
13, 37
What are the prime factors of 617?
617
List the prime factors of 47145.
3, 5, 7, 449
What are the prime factors of 580?
2, 5, 29
What are the prime factors of 1217?
1217
What are the prime factors of 3613?
3613
List the prime factors of 75200.
2, 5, 47
List the prime factors of 687.
3, 229
List the prime factors of 1447.
1447
List the prime factors of 929.
929
List the prime factors of 9727.
71, 137
List the prime factors of 73777.
11, 19, 353
List the prime factors of 1059.
3, 353
What are the prime factors of 1058?
2, 23
List the prime factors of 1238.
2, 619
What are the prime factors of 27587?
7, 563
What are the prime factors of 1039?
1039
List the prime factors of 21157.
21157
What are the prime factors of 26421?
3, 8807
What are the prime factors of 65490?
2, 3, 5, 37, 59
List the prime factors of 1756.
2, 439
List the prime factors of 1826.
2, 11, 83
What are the prime factors of 7061?
23, 307
What are the prime factors of 9214?
2, 17, 271
List the prime factors of 71106.
2, 3, 7, 1693
What are the prime factors of 1911?
3, 7, 13
What are the prime factors of 116159?
116159
What are the prime factors of 9983?
67, 149
List the prime factors of 3003.
3, 7, 11, 13
What are the prime factors of 1413?
3, 157
What are the prime factors of 119674?
2, 53, 1129
List the prime factors of 9793.
7, 1399
List the prime factors of 122050.
2, 5, 2441
List the prime factors of 228.
2, 3, 19
What are the prime factors of 1255?
5, 251
What are the prime factors of 81342?
2, 3, 4519
List the prime factors of 22335.
3, 5, 1489
List the prime factors of 7785.
3, 5, 173
What are the prime factors of 1246?
2, 7, 89
List the prime factors of 29428.
2, 7, 1051
List the prime factors of 3642.
2, 3, 607
What are the prime factors of 4279?
11, 389
List the prime factors of 7119.
3, 7, 113
List the prime factors of 3790.
2, 5, 379
What are the prime factors of 966?
2, 3, 7, 23
What are the prime factors of 1043?
7, 149
What are the prime factors of 1087?
1087
What are the prime factors of 14038?
2, 7019
What are the prime factors of 272?
2, 17
List the prime factors of 2182.
2, 1091
What are the prime factors of 3319?
3319
List the prime factors of 22431.
3, 7477
What are the prime factors of 10987?
10987
What are the prime factors of 1885?
5, 13, 29
List the prime factors of 7591.
7591
List the prime factors of 10706.
2, 53, 101
What are the prime factors of 307?
307
List the prime factors of 9549.
3, 1061
What are the prime factors of 18056?
2, 37, 61
List the prime factors of 1179.
3, 131
List the prime factors of 10162.
2, 5081
List the prime factors of 2727.
3, 101
What are the prime factors of 13796?
2, 3449
List the prime factors of 7.
7
What are the prime factors of 34086?
2, 3, 13, 19, 23
List the prime factors of 17325.
3,